(base 3) to base 16
-14e
-26 (base 12) to base 14
-22
-201 (base 3) to base 11
-18
What is -4 (base 13) in base 4?
-10
Convert -42 (base 7) to base 4.
-132
-136 (base 7) to base 3
-2211
-4 (base 9) to base 16
-4
10 (base 4) to base 7
4
What is 33 (base 5) in base 12?
16
7 (base 10) to base 13
7
What is 3 (base 12) in base 14?
3
-2c (base 15) to base 9
-46
-112 (base 3) to base 11
-13
Convert -40 (base 11) to base 7.
-62
410 (base 6) to base 12
106
-41 (base 13) to base 9
-58
Convert -11 (base 8) to base 7.
-12
What is -2 (base 9) in base 10?
-2
-60 (base 11) to base 8
-102
Convert -1 (base 14) to base 12.
-1
What is 2 (base 5) in base 15?
2
-440 (base 6) to base 8
-250
Convert -3 (base 14) to base 7.
-3
What is -2 (base 12) in base 6?
-2
-114 (base 5) to base 6
-54
What is 24 (base 5) in base 13?
11
What is -13 (base 10) in base 11?
-12
Convert 134 (base 14) to base 10.
242
1c (base 15) to base 12
23
What is 101000 (base 2) in base 15?
2a
What is -21 (base 11) in base 14?
-19
16 (base 13) to base 10
19
Convert -26 (base 9) to base 6.
-40
Convert 7 (base 12) to base 10.
7
What is 17 (base 10) in base 6?
25
Convert -14 (base 6) to base 13.
-a
What is -320 (base 4) in base 8?
-70
What is -201 (base 3) in base 8?
-23
157 (base 11) to base 12
133
-1001 (base 2) to base 6
-13
-4 (base 8) to base 14
-4
305 (base 6) to base 14
81
What is -2 (base 15) in base 8?
-2
Convert -3 (base 10) to base 5.
-3
What is 71 (base 15) in base 12?
8a
Convert 0 (base 16) to base 6.
0
Convert -1 (base 8) to base 11.
-1
-22 (base 9) to base 14
-16
What is 253 (base 8) in base 4?
2223
What is -3 (base 15) in base 13?
-3
Convert 2 (base 14) to base 10.
2
-121 (base 5) to base 9
-40
11 (base 2) to base 3
10
Convert 57 (base 11) to base 7.
116
What is -76 (base 10) in base 15?
-51
7 (base 12) to base 2
111
What is 13 (base 6) in base 7?
12
Convert 4 (base 15) to base 6.
4
What is -110 (base 3) in base 8?
-14
What is 2 (base 8) in base 10?
2
What is 13 (base 13) in base 15?
11
What is 100 (base 2) in base 12?
4
-19 (base 10) to base 2
-10011
Convert -10c (base 15) to base 9.
-283
Convert -6 (base 7) to base 11.
-6
-12 (base 7) to base 11
-9
What is -120 (base 6) in base 7?
-66
What is 43 (base 9) in base 13?
30
Convert 4 (base 15) to base 7.
4
323 (base 6) to base 4
1323
Convert 13 (base 13) to base 14.
12
Convert 3 (base 4) to base 6.
3
Convert -14 (base 15) to base 12.
-17
a (base 16) to base 4
22
39 (base 10) to base 7
54
Convert 0 (base 7) to base 4.
0
3 (base 4) to base 12
3
Convert 2 (base 15) to base 3.
2
5 (base 16) to base 14
5
What is -3 (base 5) in base 12?
-3
110 (base 2) to base 16
6
Convert 11000 (base 2) to base 10.
24
Convert -4 (base 8) to base 7.
-4
0 (base 3) to base 12
0
What is -2 (base 14) in base 13?
-2
14 (base 6) to base 15
a
Convert 70 (base 10) to base 4.
1012
What is -21 (base 5) in base 9?
-12
What is 1 (base 16) in base 6?
1
-100 (base 2) to base 15
-4
-14 (base 14) to base 4
-102
Convert 3 (base 12) to base 14.
3
Convert 4 (base 13) to base 9.
4
Convert -3 (base 8) to base 7.
-3
What is 127 (base 8) in base 10?
87
What is -299 (base 10) in base 14?
-175
What is -1110 (base 3) in base 4?
-213
Convert 1a4 (base 12) to base 14.
152
Convert 0 (base 8) to base 14.
0
Convert 302 (base 4) to base 15.
35
26 (base 11) to base 16
1c
Convert 2 (base 8) to base 6.
2
Convert -105 (base 8) to base 15.
-49
9a (base 16) to base 3
12201
What is 8 (base 10) in base 11?
8
-113 (base 4) to base 7
-32
4 (base 10) to base 14
4
What is -5 (base 14) in base 8?
-5
What is -7 (base 11) in base 14?
-7
-1000100 (base 2) to base 7
-125
What is 221 (base 3) in base 16?
19
Convert -4 (base 5) to base 16.
-4
What is 3 (base 9) in base 3?
10
-33 (base 11) to base 9
-40
What is -1 (base 9) in base 16?
-1
What is 0 (base 7) in base 12?
0
What is 5b (base 15) in base 4?
1112
-115 (base 8) to base 15
-52
Convert -333 (base 6) to base 7.
-243
Convert 1034 (base 6) to base 5.
1423
What is -28 (base 13) in base 3?
-1021
What is 0 (base 10) in base 16?
0
a (base 14) to base 16
a
a3 (base 11) to base 6
305
What is 4 (base 9) in base 3?
11
What is -1 (base 14) in base 7?
-1
Convert 85 (base 10) to base 7.
151
Convert -301 (base 8) to base 15.
-cd
Convert 3 (base 4) to base 16.
3
-1 (base 14) to base 13
-1
9 (base 12) to base 7
12
72 (base 13) to base 12
79
What is 15 (base 13) in base 6?
30
What is -560 (base 7) in base 12?
-1bb
What is 2 (base 3) in base 16?
2
What is 7 (base 9) in base 10?
7
What is 12 (base 16) in base 8?
22
3 (base 8) to base 13
3
-25 (base 8) to base 5
-41
What is -66 (base 10) in base 5?
-231
10 (base 3) to base 12
3
What is 3 (base 11) in base 12?
3
What is 10 (base 9) in base 15?
9
-10 (base 10) to base 9
-11
What is -11 (base 6) in base 10?
-7
Convert -24 (base 15) to base 7.
-46
Convert 100 (base 8) to base 7.
121
Convert -20 (base 4) to base 5.
-13
What is 4 (base 16) in base 13?
4
Convert 2211 (base 4) to base 7.
324
Convert -97 (base 14) to base 7.
-250
212 (base 3) to base 14
19
-21 (base 7) to base 9
-16
What is 2 (base 12) in base 2?
10
Convert 15b (base 16) to base 2.
101011011
101 (base 2) to base 7
5
Convert 10 (base 9) to base 11.
9
What is 1 (base 11) in base 13?
1
Convert -112 (base 3) to base 6.
-22
What is -a (base 14) in base 10?
-10
Convert 2 (base 7) to base 8.
2
Convert -9 (base 12) to base 11.
-9
Convert 2 (base 15) to base 12.
2
6 (base 10) to base 6
10
What is -1 (base 10) in base 15?
-1
-d (base 16) to base 5
-23
4 (base 15) to base 4
10
Convert -1 (base 8) to base 4.
-1
144 (base 8) to base 12
84
What is 1 (base 9) in base 2?
1
-64 (base 10) to base 11
-59
0 (base 2) to base 13
0
What is 110111 (base 2) in base 7?
106
What is 112001 (base 3) in base 13?
232
Convert -8 (base 13) to base 2.
-1000
-1 (base 4) to base 2
-1
10100100 (base 2) to base 4
2210
Convert -6 (base 14) to base 12.
-6
Convert -3 (base 9) to base 4.
-3
What is -11111 (base 2) in base 16?
-1f
What is -2 (base 15) in base 14?
-2
Convert 67 (base 8) to base 2.
110111
What is -20 (base 9) in base 2?
-10010
-32 (base 13) to base 16
-29
Convert -11 (base 3) to base 16.
-4
0 (base 16) to base 6
0
What is -10010000 (base 2) in base 8?
-220
Convert -68 (base 14) to base 6.
-232
Convert 8 (base 12) to base 5.
13
Convert -2013 (base 4) to base 16.
-87
-3a (base 13) to base 2
-110001
0 (base 12) to base 9
0
What is 100 (base 3) in base 11?
9
What is 8b (base 16) in base 5?
1024
401 (base 7) to base 11
16a
1001011 (base 2) to base 9
83
What is 9d (base 16) in base 5?
1112
Convert 0 (base 16) to base 10.
0
What is 101 (base 2) in base 14?
5
What is 1211 (base 3) in base 9?
54
35 (base 7) to base 15
1b
What is -11 (base 3) in base 15?
-4
-6 (base 14) to base 4
-12
What is 5 (base 6) in base 2?
101
What is -200 (base 3) in base 9?
-20
Convert -24 (base 7) to base 8.
-22
-14 (base 16) to base 6
-32
1100 (base 2) to base 4
30
Convert -125 (base 7) to base 13.
-53
-54 (base 11) to base 3
-2012
Convert 6 (base 11) to base 2.
110
Convert 120 (base 10) to base 13.
93
Convert 332 (base 4) to base 16.
3e
-8 (base 15) to base 8
-10
Convert -1 (base 3) to base 4.
-1
What is 11 (base 12) in base 16?
d
What is -111011 (base 2) in base 9?
-65
3 (base 15) to base 10
3
What is 1d (base 15) in base 4?
130
What is -21 (base 9) in base 12?
-17
11 (base 12) to base 9
14
Convert 7 (base 8) to base 7.
10
32 (base 5) to base 7
23
Convert -6 (base 9) to base 6.
-10
What is -1 (base 4) in base 16?
-1
What is -8 (base 14) in base 8?
-10
What is -1d (base 15) in base 8?
-34
Convert -20 (base 3) to base 16.
-6
-12 (base 5) to base 8
-7
What is -8 (base 11) in base 9?
-8
-10 (base 7) to base 4
-13
-3 (base 7) to base 4
-3
Convert -10 (base 6) to base 3.
-20
Convert 11 (base 5) to base 13.
6
What is -12 (base 5) in base 3?
-21
1d (base 16) to base 7
41
What is -10 (base 10) in base 13?
-a
Convert -10110 (base 2) to base 15.
-17
What is -5b (base 13) in base 6?
-204
What is -1 (base 13) in base 10?
-1
-2 (base 12) to base 14
-2
What is -2 (base 9) in base 2?
-10
-5 (base 13) to base 3
-12
What is -21 (base 11) in base 16?
-17
What is 4 (base 13) in base 5?
4
Convert -45 (base 8) to base 6.
-101
Convert 2 (base 7) to base 3.
2
Convert -113 (base 10) to base 4.
-1301
20 (base 4) to base 12
8
Convert -42 (base 7) 